{"id":3085,"date":"2023-04-15T20:11:20","date_gmt":"2023-04-15T18:11:20","guid":{"rendered":"http:\/\/sztolniagwarkow.pl\/?page_id=3085"},"modified":"2023-04-15T20:11:20","modified_gmt":"2023-04-15T18:11:20","slug":"wladyslaw-mirski","status":"publish","type":"page","link":"https:\/\/sztolniagwarkow.pl\/?page_id=3085","title":{"rendered":"W\u0142adys\u0142aw Mirski"},"content":{"rendered":"\n<figure class=\"wp-block-gallery has-nested-images columns-default is-cropped wp-block-gallery-1 is-layout-flex wp-block-gallery-is-layout-flex\">\n<figure class=\"wp-block-image size-large\"><img loading=\"lazy\" decoding=\"async\" width=\"729\" height=\"1024\" data-id=\"3086\" src=\"http:\/\/sztolniagwarkow.pl\/wp-content\/uploads\/2023\/04\/Wladyslaw_Mirski001-729x1024.jpg\" alt=\"\" class=\"wp-image-3086\" srcset=\"https:\/\/sztolniagwarkow.pl\/wp-content\/uploads\/2023\/04\/Wladyslaw_Mirski001-729x1024.jpg 729w, https:\/\/sztolniagwarkow.pl\/wp-content\/uploads\/2023\/04\/Wladyslaw_Mirski001-214x300.jpg 214w, https:\/\/sztolniagwarkow.pl\/wp-content\/uploads\/2023\/04\/Wladyslaw_Mirski001.jpg 768w\" sizes=\"auto, (max-width: 729px) 100vw, 729px\" \/><\/figure>\n\n\n\n<figure class=\"wp-block-image size-large\"><img loading=\"lazy\" decoding=\"async\" width=\"729\" height=\"1024\" data-id=\"3094\" src=\"http:\/\/sztolniagwarkow.pl\/wp-content\/uploads\/2023\/04\/Wladyslaw_Mirski010-729x1024.jpg\" alt=\"\" class=\"wp-image-3094\" srcset=\"https:\/\/sztolniagwarkow.pl\/wp-content\/uploads\/2023\/04\/Wladyslaw_Mirski010-729x1024.jpg 729w, https:\/\/sztolniagwarkow.pl\/wp-content\/uploads\/2023\/04\/Wladyslaw_Mirski010-214x300.jpg 214w, https:\/\/sztolniagwarkow.pl\/wp-content\/uploads\/2023\/04\/Wladyslaw_Mirski010.jpg 768w\" sizes=\"auto, (max-width: 729px) 100vw, 729px\" \/><\/figure>\n\n\n\n<figure class=\"wp-block-image size-large\"><img loading=\"lazy\" decoding=\"async\" width=\"729\" height=\"1024\" data-id=\"3091\" src=\"http:\/\/sztolniagwarkow.pl\/wp-content\/uploads\/2023\/04\/Wladyslaw_Mirski004-729x1024.jpg\" alt=\"\" class=\"wp-image-3091\" srcset=\"https:\/\/sztolniagwarkow.pl\/wp-content\/uploads\/2023\/04\/Wladyslaw_Mirski004-729x1024.jpg 729w, https:\/\/sztolniagwarkow.pl\/wp-content\/uploads\/2023\/04\/Wladyslaw_Mirski004-214x300.jpg 214w, https:\/\/sztolniagwarkow.pl\/wp-content\/uploads\/2023\/04\/Wladyslaw_Mirski004.jpg 768w\" sizes=\"auto, (max-width: 729px) 100vw, 729px\" \/><\/figure>\n\n\n\n<figure class=\"wp-block-image size-large\"><img loading=\"lazy\" decoding=\"async\" width=\"1024\" height=\"823\" data-id=\"3090\" src=\"http:\/\/sztolniagwarkow.pl\/wp-content\/uploads\/2023\/04\/Wladyslaw_Mirski003.jpg\" alt=\"\" class=\"wp-image-3090\" srcset=\"https:\/\/sztolniagwarkow.pl\/wp-content\/uploads\/2023\/04\/Wladyslaw_Mirski003.jpg 1024w, https:\/\/sztolniagwarkow.pl\/wp-content\/uploads\/2023\/04\/Wladyslaw_Mirski003-300x241.jpg 300w, https:\/\/sztolniagwarkow.pl\/wp-content\/uploads\/2023\/04\/Wladyslaw_Mirski003-768x617.jpg 768w\" sizes=\"auto, (max-width: 1024px) 100vw, 1024px\" \/><\/figure>\n\n\n\n<figure class=\"wp-block-image size-large\"><img loading=\"lazy\" decoding=\"async\" width=\"1024\" height=\"823\" data-id=\"3087\" src=\"http:\/\/sztolniagwarkow.pl\/wp-content\/uploads\/2023\/04\/Wladyslaw_Mirski002.jpg\" alt=\"\" class=\"wp-image-3087\" srcset=\"https:\/\/sztolniagwarkow.pl\/wp-content\/uploads\/2023\/04\/Wladyslaw_Mirski002.jpg 1024w, https:\/\/sztolniagwarkow.pl\/wp-content\/uploads\/2023\/04\/Wladyslaw_Mirski002-300x241.jpg 300w, https:\/\/sztolniagwarkow.pl\/wp-content\/uploads\/2023\/04\/Wladyslaw_Mirski002-768x617.jpg 768w\" sizes=\"auto, (max-width: 1024px) 100vw, 1024px\" \/><\/figure>\n\n\n\n<figure class=\"wp-block-image size-large\"><img loading=\"lazy\" decoding=\"async\" width=\"1024\" height=\"823\" data-id=\"3088\" src=\"http:\/\/sztolniagwarkow.pl\/wp-content\/uploads\/2023\/04\/Wladyslaw_Mirski005.jpg\" alt=\"\" class=\"wp-image-3088\" srcset=\"https:\/\/sztolniagwarkow.pl\/wp-content\/uploads\/2023\/04\/Wladyslaw_Mirski005.jpg 1024w, https:\/\/sztolniagwarkow.pl\/wp-content\/uploads\/2023\/04\/Wladyslaw_Mirski005-300x241.jpg 300w, https:\/\/sztolniagwarkow.pl\/wp-content\/uploads\/2023\/04\/Wladyslaw_Mirski005-768x617.jpg 768w\" sizes=\"auto, (max-width: 1024px) 100vw, 1024px\" \/><\/figure>\n\n\n\n<figure class=\"wp-block-image size-large\"><img loading=\"lazy\" decoding=\"async\" width=\"1024\" height=\"823\" data-id=\"3089\" src=\"http:\/\/sztolniagwarkow.pl\/wp-content\/uploads\/2023\/04\/Wladyslaw_Mirski006.jpg\" alt=\"\" class=\"wp-image-3089\" srcset=\"https:\/\/sztolniagwarkow.pl\/wp-content\/uploads\/2023\/04\/Wladyslaw_Mirski006.jpg 1024w, https:\/\/sztolniagwarkow.pl\/wp-content\/uploads\/2023\/04\/Wladyslaw_Mirski006-300x241.jpg 300w, https:\/\/sztolniagwarkow.pl\/wp-content\/uploads\/2023\/04\/Wladyslaw_Mirski006-768x617.jpg 768w\" sizes=\"auto, (max-width: 1024px) 100vw, 1024px\" \/><\/figure>\n\n\n\n<figure class=\"wp-block-image size-large\"><img loading=\"lazy\" decoding=\"async\" width=\"1024\" height=\"823\" data-id=\"3092\" src=\"http:\/\/sztolniagwarkow.pl\/wp-content\/uploads\/2023\/04\/Wladyslaw_Mirski007.jpg\" alt=\"\" class=\"wp-image-3092\" srcset=\"https:\/\/sztolniagwarkow.pl\/wp-content\/uploads\/2023\/04\/Wladyslaw_Mirski007.jpg 1024w, https:\/\/sztolniagwarkow.pl\/wp-content\/uploads\/2023\/04\/Wladyslaw_Mirski007-300x241.jpg 300w, https:\/\/sztolniagwarkow.pl\/wp-content\/uploads\/2023\/04\/Wladyslaw_Mirski007-768x617.jpg 768w\" sizes=\"auto, (max-width: 1024px) 100vw, 1024px\" \/><\/figure>\n\n\n\n<figure class=\"wp-block-image size-large\"><img loading=\"lazy\" decoding=\"async\" width=\"1024\" height=\"823\" data-id=\"3093\" src=\"http:\/\/sztolniagwarkow.pl\/wp-content\/uploads\/2023\/04\/Wladyslaw_Mirski008.jpg\" alt=\"\" class=\"wp-image-3093\" srcset=\"https:\/\/sztolniagwarkow.pl\/wp-content\/uploads\/2023\/04\/Wladyslaw_Mirski008.jpg 1024w, https:\/\/sztolniagwarkow.pl\/wp-content\/uploads\/2023\/04\/Wladyslaw_Mirski008-300x241.jpg 300w, https:\/\/sztolniagwarkow.pl\/wp-content\/uploads\/2023\/04\/Wladyslaw_Mirski008-768x617.jpg 768w\" sizes=\"auto, (max-width: 1024px) 100vw, 1024px\" \/><\/figure>\n\n\n\n<figure class=\"wp-block-image size-large\"><img loading=\"lazy\" decoding=\"async\" width=\"1024\" height=\"823\" data-id=\"3095\" src=\"http:\/\/sztolniagwarkow.pl\/wp-content\/uploads\/2023\/04\/Wladyslaw_Mirski009.jpg\" alt=\"\" class=\"wp-image-3095\" srcset=\"https:\/\/sztolniagwarkow.pl\/wp-content\/uploads\/2023\/04\/Wladyslaw_Mirski009.jpg 1024w, https:\/\/sztolniagwarkow.pl\/wp-content\/uploads\/2023\/04\/Wladyslaw_Mirski009-300x241.jpg 300w, https:\/\/sztolniagwarkow.pl\/wp-content\/uploads\/2023\/04\/Wladyslaw_Mirski009-768x617.jpg 768w\" sizes=\"auto, (max-width: 1024px) 100vw, 1024px\" \/><\/figure>\n\n\n\n<figure class=\"wp-block-image size-large\"><img loading=\"lazy\" decoding=\"async\" width=\"1024\" height=\"823\" data-id=\"3096\" src=\"http:\/\/sztolniagwarkow.pl\/wp-content\/uploads\/2023\/04\/Wladyslaw_Mirski011.jpg\" alt=\"\" class=\"wp-image-3096\" srcset=\"https:\/\/sztolniagwarkow.pl\/wp-content\/uploads\/2023\/04\/Wladyslaw_Mirski011.jpg 1024w, https:\/\/sztolniagwarkow.pl\/wp-content\/uploads\/2023\/04\/Wladyslaw_Mirski011-300x241.jpg 300w, https:\/\/sztolniagwarkow.pl\/wp-content\/uploads\/2023\/04\/Wladyslaw_Mirski011-768x617.jpg 768w\" sizes=\"auto, (max-width: 1024px) 100vw, 1024px\" \/><\/figure>\n\n\n\n<figure class=\"wp-block-image size-large\"><img loading=\"lazy\" decoding=\"async\" width=\"1024\" height=\"823\" data-id=\"3099\" src=\"http:\/\/sztolniagwarkow.pl\/wp-content\/uploads\/2023\/04\/Wladyslaw_Mirski012.jpg\" alt=\"\" class=\"wp-image-3099\" srcset=\"https:\/\/sztolniagwarkow.pl\/wp-content\/uploads\/2023\/04\/Wladyslaw_Mirski012.jpg 1024w, https:\/\/sztolniagwarkow.pl\/wp-content\/uploads\/2023\/04\/Wladyslaw_Mirski012-300x241.jpg 300w, https:\/\/sztolniagwarkow.pl\/wp-content\/uploads\/2023\/04\/Wladyslaw_Mirski012-768x617.jpg 768w\" sizes=\"auto, (max-width: 1024px) 100vw, 1024px\" \/><\/figure>\n\n\n\n<figure class=\"wp-block-image size-large\"><img loading=\"lazy\" decoding=\"async\" width=\"1024\" height=\"823\" data-id=\"3097\" src=\"http:\/\/sztolniagwarkow.pl\/wp-content\/uploads\/2023\/04\/Wladyslaw_Mirski013.jpg\" alt=\"\" class=\"wp-image-3097\" srcset=\"https:\/\/sztolniagwarkow.pl\/wp-content\/uploads\/2023\/04\/Wladyslaw_Mirski013.jpg 1024w, https:\/\/sztolniagwarkow.pl\/wp-content\/uploads\/2023\/04\/Wladyslaw_Mirski013-300x241.jpg 300w, https:\/\/sztolniagwarkow.pl\/wp-content\/uploads\/2023\/04\/Wladyslaw_Mirski013-768x617.jpg 768w\" sizes=\"auto, (max-width: 1024px) 100vw, 1024px\" \/><\/figure>\n\n\n\n<figure class=\"wp-block-image size-large\"><img loading=\"lazy\" decoding=\"async\" width=\"1024\" height=\"823\" data-id=\"3098\" src=\"http:\/\/sztolniagwarkow.pl\/wp-content\/uploads\/2023\/04\/Wladyslaw_Mirski014.jpg\" alt=\"\" class=\"wp-image-3098\" srcset=\"https:\/\/sztolniagwarkow.pl\/wp-content\/uploads\/2023\/04\/Wladyslaw_Mirski014.jpg 1024w, https:\/\/sztolniagwarkow.pl\/wp-content\/uploads\/2023\/04\/Wladyslaw_Mirski014-300x241.jpg 300w, https:\/\/sztolniagwarkow.pl\/wp-content\/uploads\/2023\/04\/Wladyslaw_Mirski014-768x617.jpg 768w\" sizes=\"auto, (max-width: 1024px) 100vw, 1024px\" \/><\/figure>\n\n\n\n<figure class=\"wp-block-image size-large\"><img loading=\"lazy\" decoding=\"async\" width=\"1024\" height=\"823\" data-id=\"3100\" src=\"http:\/\/sztolniagwarkow.pl\/wp-content\/uploads\/2023\/04\/Wladyslaw_Mirski015.jpg\" alt=\"\" class=\"wp-image-3100\" srcset=\"https:\/\/sztolniagwarkow.pl\/wp-content\/uploads\/2023\/04\/Wladyslaw_Mirski015.jpg 1024w, https:\/\/sztolniagwarkow.pl\/wp-content\/uploads\/2023\/04\/Wladyslaw_Mirski015-300x241.jpg 300w, https:\/\/sztolniagwarkow.pl\/wp-content\/uploads\/2023\/04\/Wladyslaw_Mirski015-768x617.jpg 768w\" sizes=\"auto, (max-width: 1024px) 100vw, 1024px\" \/><\/figure>\n\n\n\n<figure class=\"wp-block-image size-large\"><img loading=\"lazy\" decoding=\"async\" width=\"729\" height=\"1024\" data-id=\"3101\" src=\"http:\/\/sztolniagwarkow.pl\/wp-content\/uploads\/2023\/04\/Wladyslaw_Mirski016-729x1024.jpg\" alt=\"\" class=\"wp-image-3101\" srcset=\"https:\/\/sztolniagwarkow.pl\/wp-content\/uploads\/2023\/04\/Wladyslaw_Mirski016-729x1024.jpg 729w, https:\/\/sztolniagwarkow.pl\/wp-content\/uploads\/2023\/04\/Wladyslaw_Mirski016-214x300.jpg 214w, https:\/\/sztolniagwarkow.pl\/wp-content\/uploads\/2023\/04\/Wladyslaw_Mirski016.jpg 768w\" sizes=\"auto, (max-width: 729px) 100vw, 729px\" \/><\/figure>\n<\/figure>\n","protected":false},"excerpt":{"rendered":"","protected":false},"author":1,"featured_media":0,"parent":0,"menu_order":0,"comment_status":"closed","ping_status":"closed","template":"","meta":{"ngg_post_thumbnail":0,"footnotes":""},"class_list":["post-3085","page","type-page","status-publish","hentry","entry"],"yoast_head":"<!-- This site is optimized with the Yoast SEO plugin v19.0 - https:\/\/yoast.com\/wordpress\/plugins\/seo\/ -->\n<title>W\u0142adys\u0142aw Mirski - Kolekcja g\u00f3rnicza<\/title>\n<meta name=\"description\" content=\"Wa\u0142brzyscy G\u00f3rnicy - W\u0142adys\u0142aw Mirski - pami\u0105tki g\u00f3rnicze w kolekcji sztolniagwarkow.pl\" \/>\n<meta name=\"robots\" content=\"index, follow, max-snippet:-1, max-image-preview:large, max-video-preview:-1\" \/>\n<link rel=\"canonical\" href=\"https:\/\/sztolniagwarkow.pl\/?page_id=3085\" \/>\n<meta property=\"og:locale\" content=\"pl_PL\" \/>\n<meta property=\"og:type\" content=\"article\" \/>\n<meta property=\"og:title\" content=\"W\u0142adys\u0142aw Mirski - Kolekcja g\u00f3rnicza\" \/>\n<meta property=\"og:description\" content=\"Wa\u0142brzyscy G\u00f3rnicy - W\u0142adys\u0142aw Mirski - pami\u0105tki g\u00f3rnicze w kolekcji sztolniagwarkow.pl\" \/>\n<meta property=\"og:url\" content=\"https:\/\/sztolniagwarkow.pl\/?page_id=3085\" \/>\n<meta property=\"og:site_name\" content=\"Kolekcja g\u00f3rnicza\" \/>\n<meta property=\"og:image\" content=\"http:\/\/sztolniagwarkow.pl\/wp-content\/uploads\/2023\/04\/Wladyslaw_Mirski001-729x1024.jpg\" \/>\n<meta name=\"twitter:card\" content=\"summary_large_image\" \/>\n<script type=\"application\/ld+json\" class=\"yoast-schema-graph\">{\"@context\":\"https:\/\/schema.org\",\"@graph\":[{\"@type\":\"WebSite\",\"@id\":\"https:\/\/sztolniagwarkow.pl\/#website\",\"url\":\"https:\/\/sztolniagwarkow.pl\/\",\"name\":\"Kolekcja g\u00f3rnicza\",\"description\":\"Kolekcja pami\u0105tek g\u00f3rniczych Zbigniewa J\u00f3\u017awiakowskiego - zachowajmy pami\u0119\u0107 o g\u00f3rniczych tradycjach w Wa\u0142brzych.\",\"potentialAction\":[{\"@type\":\"SearchAction\",\"target\":{\"@type\":\"EntryPoint\",\"urlTemplate\":\"https:\/\/sztolniagwarkow.pl\/?s={search_term_string}\"},\"query-input\":\"required name=search_term_string\"}],\"inLanguage\":\"pl-PL\"},{\"@type\":\"ImageObject\",\"inLanguage\":\"pl-PL\",\"@id\":\"https:\/\/sztolniagwarkow.pl\/?page_id=3085#primaryimage\",\"url\":\"https:\/\/sztolniagwarkow.pl\/wp-content\/uploads\/2023\/04\/Wladyslaw_Mirski001.jpg\",\"contentUrl\":\"https:\/\/sztolniagwarkow.pl\/wp-content\/uploads\/2023\/04\/Wladyslaw_Mirski001.jpg\",\"width\":768,\"height\":1079},{\"@type\":\"WebPage\",\"@id\":\"https:\/\/sztolniagwarkow.pl\/?page_id=3085#webpage\",\"url\":\"https:\/\/sztolniagwarkow.pl\/?page_id=3085\",\"name\":\"W\u0142adys\u0142aw Mirski - Kolekcja g\u00f3rnicza\",\"isPartOf\":{\"@id\":\"https:\/\/sztolniagwarkow.pl\/#website\"},\"primaryImageOfPage\":{\"@id\":\"https:\/\/sztolniagwarkow.pl\/?page_id=3085#primaryimage\"},\"datePublished\":\"2023-04-15T18:11:20+00:00\",\"dateModified\":\"2023-04-15T18:11:20+00:00\",\"description\":\"Wa\u0142brzyscy G\u00f3rnicy - W\u0142adys\u0142aw Mirski - pami\u0105tki g\u00f3rnicze w kolekcji sztolniagwarkow.pl\",\"breadcrumb\":{\"@id\":\"https:\/\/sztolniagwarkow.pl\/?page_id=3085#breadcrumb\"},\"inLanguage\":\"pl-PL\",\"potentialAction\":[{\"@type\":\"ReadAction\",\"target\":[\"https:\/\/sztolniagwarkow.pl\/?page_id=3085\"]}]},{\"@type\":\"BreadcrumbList\",\"@id\":\"https:\/\/sztolniagwarkow.pl\/?page_id=3085#breadcrumb\",\"itemListElement\":[{\"@type\":\"ListItem\",\"position\":1,\"name\":\"Home\",\"item\":\"https:\/\/sztolniagwarkow.pl\/\"},{\"@type\":\"ListItem\",\"position\":2,\"name\":\"W\u0142adys\u0142aw Mirski\"}]}]}<\/script>\n<!-- \/ Yoast SEO plugin. -->","yoast_head_json":{"title":"W\u0142adys\u0142aw Mirski - Kolekcja g\u00f3rnicza","description":"Wa\u0142brzyscy G\u00f3rnicy - W\u0142adys\u0142aw Mirski - pami\u0105tki g\u00f3rnicze w kolekcji sztolniagwarkow.pl","robots":{"index":"index","follow":"follow","max-snippet":"max-snippet:-1","max-image-preview":"max-image-preview:large","max-video-preview":"max-video-preview:-1"},"canonical":"https:\/\/sztolniagwarkow.pl\/?page_id=3085","og_locale":"pl_PL","og_type":"article","og_title":"W\u0142adys\u0142aw Mirski - Kolekcja g\u00f3rnicza","og_description":"Wa\u0142brzyscy G\u00f3rnicy - W\u0142adys\u0142aw Mirski - pami\u0105tki g\u00f3rnicze w kolekcji sztolniagwarkow.pl","og_url":"https:\/\/sztolniagwarkow.pl\/?page_id=3085","og_site_name":"Kolekcja g\u00f3rnicza","og_image":[{"url":"http:\/\/sztolniagwarkow.pl\/wp-content\/uploads\/2023\/04\/Wladyslaw_Mirski001-729x1024.jpg"}],"twitter_card":"summary_large_image","schema":{"@context":"https:\/\/schema.org","@graph":[{"@type":"WebSite","@id":"https:\/\/sztolniagwarkow.pl\/#website","url":"https:\/\/sztolniagwarkow.pl\/","name":"Kolekcja g\u00f3rnicza","description":"Kolekcja pami\u0105tek g\u00f3rniczych Zbigniewa J\u00f3\u017awiakowskiego - zachowajmy pami\u0119\u0107 o g\u00f3rniczych tradycjach w Wa\u0142brzych.","potentialAction":[{"@type":"SearchAction","target":{"@type":"EntryPoint","urlTemplate":"https:\/\/sztolniagwarkow.pl\/?s={search_term_string}"},"query-input":"required name=search_term_string"}],"inLanguage":"pl-PL"},{"@type":"ImageObject","inLanguage":"pl-PL","@id":"https:\/\/sztolniagwarkow.pl\/?page_id=3085#primaryimage","url":"https:\/\/sztolniagwarkow.pl\/wp-content\/uploads\/2023\/04\/Wladyslaw_Mirski001.jpg","contentUrl":"https:\/\/sztolniagwarkow.pl\/wp-content\/uploads\/2023\/04\/Wladyslaw_Mirski001.jpg","width":768,"height":1079},{"@type":"WebPage","@id":"https:\/\/sztolniagwarkow.pl\/?page_id=3085#webpage","url":"https:\/\/sztolniagwarkow.pl\/?page_id=3085","name":"W\u0142adys\u0142aw Mirski - Kolekcja g\u00f3rnicza","isPartOf":{"@id":"https:\/\/sztolniagwarkow.pl\/#website"},"primaryImageOfPage":{"@id":"https:\/\/sztolniagwarkow.pl\/?page_id=3085#primaryimage"},"datePublished":"2023-04-15T18:11:20+00:00","dateModified":"2023-04-15T18:11:20+00:00","description":"Wa\u0142brzyscy G\u00f3rnicy - W\u0142adys\u0142aw Mirski - pami\u0105tki g\u00f3rnicze w kolekcji sztolniagwarkow.pl","breadcrumb":{"@id":"https:\/\/sztolniagwarkow.pl\/?page_id=3085#breadcrumb"},"inLanguage":"pl-PL","potentialAction":[{"@type":"ReadAction","target":["https:\/\/sztolniagwarkow.pl\/?page_id=3085"]}]},{"@type":"BreadcrumbList","@id":"https:\/\/sztolniagwarkow.pl\/?page_id=3085#breadcrumb","itemListElement":[{"@type":"ListItem","position":1,"name":"Home","item":"https:\/\/sztolniagwarkow.pl\/"},{"@type":"ListItem","position":2,"name":"W\u0142adys\u0142aw Mirski"}]}]}},"_links":{"self":[{"href":"https:\/\/sztolniagwarkow.pl\/index.php?rest_route=\/wp\/v2\/pages\/3085","targetHints":{"allow":["GET"]}}],"collection":[{"href":"https:\/\/sztolniagwarkow.pl\/index.php?rest_route=\/wp\/v2\/pages"}],"about":[{"href":"https:\/\/sztolniagwarkow.pl\/index.php?rest_route=\/wp\/v2\/types\/page"}],"author":[{"embeddable":true,"href":"https:\/\/sztolniagwarkow.pl\/index.php?rest_route=\/wp\/v2\/users\/1"}],"replies":[{"embeddable":true,"href":"https:\/\/sztolniagwarkow.pl\/index.php?rest_route=%2Fwp%2Fv2%2Fcomments&post=3085"}],"version-history":[{"count":1,"href":"https:\/\/sztolniagwarkow.pl\/index.php?rest_route=\/wp\/v2\/pages\/3085\/revisions"}],"predecessor-version":[{"id":3102,"href":"https:\/\/sztolniagwarkow.pl\/index.php?rest_route=\/wp\/v2\/pages\/3085\/revisions\/3102"}],"wp:attachment":[{"href":"https:\/\/sztolniagwarkow.pl\/index.php?rest_route=%2Fwp%2Fv2%2Fmedia&parent=3085"}],"curies":[{"name":"wp","href":"https:\/\/api.w.org\/{rel}","templated":true}]}}