{"id":4074,"date":"2025-05-17T12:05:24","date_gmt":"2025-05-17T10:05:24","guid":{"rendered":"https:\/\/sztolniagwarkow.pl\/?page_id=4074"},"modified":"2025-05-17T12:05:25","modified_gmt":"2025-05-17T10:05:25","slug":"dyrektor-gorniczy-lek-med-andrzej-makowski","status":"publish","type":"page","link":"https:\/\/sztolniagwarkow.pl\/?page_id=4074","title":{"rendered":"Dyrektor g\u00f3rniczy, lek. med. Andrzej Makowski"},"content":{"rendered":"\n<figure class=\"wp-block-gallery has-nested-images columns-default is-cropped wp-block-gallery-1 is-layout-flex wp-block-gallery-is-layout-flex\">\n<figure class=\"wp-block-image size-large\"><img loading=\"lazy\" decoding=\"async\" width=\"631\" height=\"450\" data-id=\"4075\" src=\"https:\/\/sztolniagwarkow.pl\/wp-content\/uploads\/2025\/05\/Makowski_001.jpg\" alt=\"\" class=\"wp-image-4075\" srcset=\"https:\/\/sztolniagwarkow.pl\/wp-content\/uploads\/2025\/05\/Makowski_001.jpg 631w, https:\/\/sztolniagwarkow.pl\/wp-content\/uploads\/2025\/05\/Makowski_001-300x214.jpg 300w\" sizes=\"auto, (max-width: 631px) 100vw, 631px\" \/><\/figure>\n\n\n\n<figure class=\"wp-block-image size-large\"><img loading=\"lazy\" decoding=\"async\" width=\"631\" height=\"450\" data-id=\"4084\" src=\"https:\/\/sztolniagwarkow.pl\/wp-content\/uploads\/2025\/05\/Makowski_002.jpg\" alt=\"\" class=\"wp-image-4084\" srcset=\"https:\/\/sztolniagwarkow.pl\/wp-content\/uploads\/2025\/05\/Makowski_002.jpg 631w, https:\/\/sztolniagwarkow.pl\/wp-content\/uploads\/2025\/05\/Makowski_002-300x214.jpg 300w\" sizes=\"auto, (max-width: 631px) 100vw, 631px\" \/><\/figure>\n\n\n\n<figure class=\"wp-block-image size-large\"><img loading=\"lazy\" decoding=\"async\" width=\"535\" height=\"335\" data-id=\"4077\" src=\"https:\/\/sztolniagwarkow.pl\/wp-content\/uploads\/2025\/05\/Makowski_003.jpg\" alt=\"\" class=\"wp-image-4077\" srcset=\"https:\/\/sztolniagwarkow.pl\/wp-content\/uploads\/2025\/05\/Makowski_003.jpg 535w, https:\/\/sztolniagwarkow.pl\/wp-content\/uploads\/2025\/05\/Makowski_003-300x188.jpg 300w\" sizes=\"auto, (max-width: 535px) 100vw, 535px\" \/><\/figure>\n\n\n\n<figure class=\"wp-block-image size-large\"><img loading=\"lazy\" decoding=\"async\" width=\"448\" height=\"314\" data-id=\"4082\" src=\"https:\/\/sztolniagwarkow.pl\/wp-content\/uploads\/2025\/05\/Makowski_004.jpg\" alt=\"\" class=\"wp-image-4082\" srcset=\"https:\/\/sztolniagwarkow.pl\/wp-content\/uploads\/2025\/05\/Makowski_004.jpg 448w, https:\/\/sztolniagwarkow.pl\/wp-content\/uploads\/2025\/05\/Makowski_004-300x210.jpg 300w\" sizes=\"auto, (max-width: 448px) 100vw, 448px\" \/><\/figure>\n\n\n\n<figure class=\"wp-block-image size-large\"><img loading=\"lazy\" decoding=\"async\" width=\"544\" height=\"365\" data-id=\"4080\" src=\"https:\/\/sztolniagwarkow.pl\/wp-content\/uploads\/2025\/05\/Makowski_005.jpg\" alt=\"\" class=\"wp-image-4080\" srcset=\"https:\/\/sztolniagwarkow.pl\/wp-content\/uploads\/2025\/05\/Makowski_005.jpg 544w, https:\/\/sztolniagwarkow.pl\/wp-content\/uploads\/2025\/05\/Makowski_005-300x201.jpg 300w\" sizes=\"auto, (max-width: 544px) 100vw, 544px\" \/><\/figure>\n\n\n\n<figure class=\"wp-block-image size-large\"><img loading=\"lazy\" decoding=\"async\" width=\"535\" height=\"364\" data-id=\"4076\" src=\"https:\/\/sztolniagwarkow.pl\/wp-content\/uploads\/2025\/05\/Makowski_006.jpg\" alt=\"\" class=\"wp-image-4076\" srcset=\"https:\/\/sztolniagwarkow.pl\/wp-content\/uploads\/2025\/05\/Makowski_006.jpg 535w, https:\/\/sztolniagwarkow.pl\/wp-content\/uploads\/2025\/05\/Makowski_006-300x204.jpg 300w\" sizes=\"auto, (max-width: 535px) 100vw, 535px\" \/><\/figure>\n\n\n\n<figure class=\"wp-block-image size-large\"><img loading=\"lazy\" decoding=\"async\" width=\"535\" height=\"364\" data-id=\"4079\" src=\"https:\/\/sztolniagwarkow.pl\/wp-content\/uploads\/2025\/05\/Makowski_008.jpg\" alt=\"\" class=\"wp-image-4079\" srcset=\"https:\/\/sztolniagwarkow.pl\/wp-content\/uploads\/2025\/05\/Makowski_008.jpg 535w, https:\/\/sztolniagwarkow.pl\/wp-content\/uploads\/2025\/05\/Makowski_008-300x204.jpg 300w\" sizes=\"auto, (max-width: 535px) 100vw, 535px\" \/><\/figure>\n\n\n\n<figure class=\"wp-block-image size-large\"><img loading=\"lazy\" decoding=\"async\" width=\"540\" height=\"360\" data-id=\"4081\" src=\"https:\/\/sztolniagwarkow.pl\/wp-content\/uploads\/2025\/05\/Makowski_009.jpg\" alt=\"\" class=\"wp-image-4081\" srcset=\"https:\/\/sztolniagwarkow.pl\/wp-content\/uploads\/2025\/05\/Makowski_009.jpg 540w, https:\/\/sztolniagwarkow.pl\/wp-content\/uploads\/2025\/05\/Makowski_009-300x200.jpg 300w\" sizes=\"auto, (max-width: 540px) 100vw, 540px\" \/><\/figure>\n\n\n\n<figure class=\"wp-block-image size-large\"><img loading=\"lazy\" decoding=\"async\" width=\"630\" height=\"448\" data-id=\"4083\" src=\"https:\/\/sztolniagwarkow.pl\/wp-content\/uploads\/2025\/05\/Makowski_010.jpg\" alt=\"\" class=\"wp-image-4083\" srcset=\"https:\/\/sztolniagwarkow.pl\/wp-content\/uploads\/2025\/05\/Makowski_010.jpg 630w, https:\/\/sztolniagwarkow.pl\/wp-content\/uploads\/2025\/05\/Makowski_010-300x213.jpg 300w\" sizes=\"auto, (max-width: 630px) 100vw, 630px\" \/><\/figure>\n\n\n\n<figure class=\"wp-block-image size-large\"><img loading=\"lazy\" decoding=\"async\" width=\"662\" height=\"926\" data-id=\"4095\" src=\"https:\/\/sztolniagwarkow.pl\/wp-content\/uploads\/2025\/05\/Makowski_012.jpg\" alt=\"\" class=\"wp-image-4095\" srcset=\"https:\/\/sztolniagwarkow.pl\/wp-content\/uploads\/2025\/05\/Makowski_012.jpg 662w, https:\/\/sztolniagwarkow.pl\/wp-content\/uploads\/2025\/05\/Makowski_012-214x300.jpg 214w\" sizes=\"auto, (max-width: 662px) 100vw, 662px\" \/><\/figure>\n\n\n\n<figure class=\"wp-block-image size-large\"><img loading=\"lazy\" decoding=\"async\" width=\"719\" height=\"1024\" data-id=\"4094\" src=\"https:\/\/sztolniagwarkow.pl\/wp-content\/uploads\/2025\/05\/Makowski_013-719x1024.jpg\" alt=\"\" class=\"wp-image-4094\" srcset=\"https:\/\/sztolniagwarkow.pl\/wp-content\/uploads\/2025\/05\/Makowski_013-719x1024.jpg 719w, https:\/\/sztolniagwarkow.pl\/wp-content\/uploads\/2025\/05\/Makowski_013-211x300.jpg 211w, https:\/\/sztolniagwarkow.pl\/wp-content\/uploads\/2025\/05\/Makowski_013.jpg 735w\" sizes=\"auto, (max-width: 719px) 100vw, 719px\" \/><\/figure>\n\n\n\n<figure class=\"wp-block-image size-large\"><img loading=\"lazy\" decoding=\"async\" width=\"672\" height=\"953\" data-id=\"4091\" src=\"https:\/\/sztolniagwarkow.pl\/wp-content\/uploads\/2025\/05\/Makowski_014.jpg\" alt=\"\" class=\"wp-image-4091\" srcset=\"https:\/\/sztolniagwarkow.pl\/wp-content\/uploads\/2025\/05\/Makowski_014.jpg 672w, https:\/\/sztolniagwarkow.pl\/wp-content\/uploads\/2025\/05\/Makowski_014-212x300.jpg 212w\" sizes=\"auto, (max-width: 672px) 100vw, 672px\" \/><\/figure>\n\n\n\n<figure class=\"wp-block-image size-large\"><img loading=\"lazy\" decoding=\"async\" width=\"623\" height=\"930\" data-id=\"4086\" src=\"https:\/\/sztolniagwarkow.pl\/wp-content\/uploads\/2025\/05\/Makowski_015.jpg\" alt=\"\" class=\"wp-image-4086\" srcset=\"https:\/\/sztolniagwarkow.pl\/wp-content\/uploads\/2025\/05\/Makowski_015.jpg 623w, https:\/\/sztolniagwarkow.pl\/wp-content\/uploads\/2025\/05\/Makowski_015-201x300.jpg 201w\" sizes=\"auto, (max-width: 623px) 100vw, 623px\" \/><\/figure>\n\n\n\n<figure class=\"wp-block-image size-large\"><img loading=\"lazy\" decoding=\"async\" width=\"704\" height=\"937\" data-id=\"4088\" src=\"https:\/\/sztolniagwarkow.pl\/wp-content\/uploads\/2025\/05\/Makowski_016.jpg\" alt=\"\" class=\"wp-image-4088\" srcset=\"https:\/\/sztolniagwarkow.pl\/wp-content\/uploads\/2025\/05\/Makowski_016.jpg 704w, https:\/\/sztolniagwarkow.pl\/wp-content\/uploads\/2025\/05\/Makowski_016-225x300.jpg 225w\" sizes=\"auto, (max-width: 704px) 100vw, 704px\" \/><\/figure>\n\n\n\n<figure class=\"wp-block-image size-large\"><img loading=\"lazy\" decoding=\"async\" width=\"727\" height=\"985\" data-id=\"4087\" src=\"https:\/\/sztolniagwarkow.pl\/wp-content\/uploads\/2025\/05\/Makowski_017.jpg\" alt=\"\" class=\"wp-image-4087\" srcset=\"https:\/\/sztolniagwarkow.pl\/wp-content\/uploads\/2025\/05\/Makowski_017.jpg 727w, https:\/\/sztolniagwarkow.pl\/wp-content\/uploads\/2025\/05\/Makowski_017-221x300.jpg 221w\" sizes=\"auto, (max-width: 727px) 100vw, 727px\" \/><\/figure>\n\n\n\n<figure class=\"wp-block-image size-large\"><img loading=\"lazy\" decoding=\"async\" width=\"740\" height=\"1024\" data-id=\"4097\" src=\"https:\/\/sztolniagwarkow.pl\/wp-content\/uploads\/2025\/05\/Makowski_018-740x1024.jpg\" alt=\"\" class=\"wp-image-4097\" srcset=\"https:\/\/sztolniagwarkow.pl\/wp-content\/uploads\/2025\/05\/Makowski_018-740x1024.jpg 740w, https:\/\/sztolniagwarkow.pl\/wp-content\/uploads\/2025\/05\/Makowski_018-217x300.jpg 217w, https:\/\/sztolniagwarkow.pl\/wp-content\/uploads\/2025\/05\/Makowski_018.jpg 761w\" sizes=\"auto, (max-width: 740px) 100vw, 740px\" \/><\/figure>\n\n\n\n<figure class=\"wp-block-image size-large\"><img loading=\"lazy\" decoding=\"async\" width=\"736\" height=\"1020\" data-id=\"4093\" src=\"https:\/\/sztolniagwarkow.pl\/wp-content\/uploads\/2025\/05\/Makowski_019.jpg\" alt=\"\" class=\"wp-image-4093\" srcset=\"https:\/\/sztolniagwarkow.pl\/wp-content\/uploads\/2025\/05\/Makowski_019.jpg 736w, https:\/\/sztolniagwarkow.pl\/wp-content\/uploads\/2025\/05\/Makowski_019-216x300.jpg 216w\" sizes=\"auto, (max-width: 736px) 100vw, 736px\" \/><\/figure>\n\n\n\n<figure class=\"wp-block-image size-large\"><img loading=\"lazy\" decoding=\"async\" width=\"723\" height=\"998\" data-id=\"4092\" src=\"https:\/\/sztolniagwarkow.pl\/wp-content\/uploads\/2025\/05\/Makowski_020.jpg\" alt=\"\" class=\"wp-image-4092\" srcset=\"https:\/\/sztolniagwarkow.pl\/wp-content\/uploads\/2025\/05\/Makowski_020.jpg 723w, https:\/\/sztolniagwarkow.pl\/wp-content\/uploads\/2025\/05\/Makowski_020-217x300.jpg 217w\" sizes=\"auto, (max-width: 723px) 100vw, 723px\" \/><\/figure>\n\n\n\n<figure class=\"wp-block-image size-large\"><img loading=\"lazy\" decoding=\"async\" width=\"726\" height=\"985\" data-id=\"4096\" src=\"https:\/\/sztolniagwarkow.pl\/wp-content\/uploads\/2025\/05\/Makowski_021.jpg\" alt=\"\" class=\"wp-image-4096\" srcset=\"https:\/\/sztolniagwarkow.pl\/wp-content\/uploads\/2025\/05\/Makowski_021.jpg 726w, https:\/\/sztolniagwarkow.pl\/wp-content\/uploads\/2025\/05\/Makowski_021-221x300.jpg 221w\" sizes=\"auto, (max-width: 726px) 100vw, 726px\" \/><\/figure>\n\n\n\n<figure class=\"wp-block-image size-large\"><img loading=\"lazy\" decoding=\"async\" width=\"613\" height=\"1024\" data-id=\"4090\" src=\"https:\/\/sztolniagwarkow.pl\/wp-content\/uploads\/2025\/05\/Makowski_022-613x1024.jpg\" alt=\"\" class=\"wp-image-4090\" srcset=\"https:\/\/sztolniagwarkow.pl\/wp-content\/uploads\/2025\/05\/Makowski_022-613x1024.jpg 613w, https:\/\/sztolniagwarkow.pl\/wp-content\/uploads\/2025\/05\/Makowski_022-180x300.jpg 180w, https:\/\/sztolniagwarkow.pl\/wp-content\/uploads\/2025\/05\/Makowski_022.jpg 630w\" sizes=\"auto, (max-width: 613px) 100vw, 613px\" \/><\/figure>\n\n\n\n<figure class=\"wp-block-image size-large\"><img loading=\"lazy\" decoding=\"async\" width=\"360\" height=\"536\" data-id=\"4078\" src=\"https:\/\/sztolniagwarkow.pl\/wp-content\/uploads\/2025\/05\/Makowski_007.jpg\" alt=\"\" class=\"wp-image-4078\" srcset=\"https:\/\/sztolniagwarkow.pl\/wp-content\/uploads\/2025\/05\/Makowski_007.jpg 360w, https:\/\/sztolniagwarkow.pl\/wp-content\/uploads\/2025\/05\/Makowski_007-201x300.jpg 201w\" sizes=\"auto, (max-width: 360px) 100vw, 360px\" \/><\/figure>\n\n\n\n<figure class=\"wp-block-image size-large\"><img loading=\"lazy\" decoding=\"async\" width=\"695\" height=\"676\" data-id=\"4089\" src=\"https:\/\/sztolniagwarkow.pl\/wp-content\/uploads\/2025\/05\/Makowski_023.jpg\" alt=\"\" class=\"wp-image-4089\" srcset=\"https:\/\/sztolniagwarkow.pl\/wp-content\/uploads\/2025\/05\/Makowski_023.jpg 695w, https:\/\/sztolniagwarkow.pl\/wp-content\/uploads\/2025\/05\/Makowski_023-300x292.jpg 300w\" sizes=\"auto, (max-width: 695px) 100vw, 695px\" \/><\/figure>\n<\/figure>\n\n\n\n<figure class=\"wp-block-image size-large\"><img loading=\"lazy\" decoding=\"async\" width=\"628\" height=\"420\" src=\"https:\/\/sztolniagwarkow.pl\/wp-content\/uploads\/2025\/05\/Makowski_011.jpg\" alt=\"\" class=\"wp-image-4085\" srcset=\"https:\/\/sztolniagwarkow.pl\/wp-content\/uploads\/2025\/05\/Makowski_011.jpg 628w, https:\/\/sztolniagwarkow.pl\/wp-content\/uploads\/2025\/05\/Makowski_011-300x201.jpg 300w\" sizes=\"auto, (max-width: 628px) 100vw, 628px\" \/><\/figure>\n","protected":false},"excerpt":{"rendered":"","protected":false},"author":1,"featured_media":4098,"parent":0,"menu_order":0,"comment_status":"closed","ping_status":"closed","template":"","meta":{"ngg_post_thumbnail":0,"footnotes":""},"class_list":["post-4074","page","type-page","status-publish","has-post-thumbnail","hentry","entry","has-media"],"yoast_head":"<!-- This site is optimized with the Yoast SEO plugin v19.0 - https:\/\/yoast.com\/wordpress\/plugins\/seo\/ -->\n<title>Dyrektor g\u00f3rniczy, lek. med. Andrzej Makowski - Kolekcja g\u00f3rnicza<\/title>\n<meta name=\"robots\" content=\"index, follow, max-snippet:-1, max-image-preview:large, max-video-preview:-1\" \/>\n<link rel=\"canonical\" href=\"https:\/\/sztolniagwarkow.pl\/?page_id=4074\" \/>\n<meta property=\"og:locale\" content=\"pl_PL\" \/>\n<meta property=\"og:type\" content=\"article\" \/>\n<meta property=\"og:title\" content=\"Dyrektor g\u00f3rniczy, lek. med. Andrzej Makowski - Kolekcja g\u00f3rnicza\" \/>\n<meta property=\"og:url\" content=\"https:\/\/sztolniagwarkow.pl\/?page_id=4074\" \/>\n<meta property=\"og:site_name\" content=\"Kolekcja g\u00f3rnicza\" \/>\n<meta property=\"article:modified_time\" content=\"2025-05-17T10:05:25+00:00\" \/>\n<meta property=\"og:image\" content=\"http:\/\/sztolniagwarkow.pl\/wp-content\/uploads\/2025\/05\/Makowski.jpg\" \/>\n\t<meta property=\"og:image:width\" content=\"768\" \/>\n\t<meta property=\"og:image:height\" content=\"1024\" \/>\n\t<meta property=\"og:image:type\" content=\"image\/jpeg\" \/>\n<meta name=\"twitter:card\" content=\"summary_large_image\" \/>\n<script type=\"application\/ld+json\" class=\"yoast-schema-graph\">{\"@context\":\"https:\/\/schema.org\",\"@graph\":[{\"@type\":\"WebSite\",\"@id\":\"https:\/\/sztolniagwarkow.pl\/#website\",\"url\":\"https:\/\/sztolniagwarkow.pl\/\",\"name\":\"Kolekcja g\u00f3rnicza\",\"description\":\"Kolekcja pami\u0105tek g\u00f3rniczych Zbigniewa J\u00f3\u017awiakowskiego - zachowajmy pami\u0119\u0107 o g\u00f3rniczych tradycjach w Wa\u0142brzych.\",\"potentialAction\":[{\"@type\":\"SearchAction\",\"target\":{\"@type\":\"EntryPoint\",\"urlTemplate\":\"https:\/\/sztolniagwarkow.pl\/?s={search_term_string}\"},\"query-input\":\"required name=search_term_string\"}],\"inLanguage\":\"pl-PL\"},{\"@type\":\"ImageObject\",\"inLanguage\":\"pl-PL\",\"@id\":\"https:\/\/sztolniagwarkow.pl\/?page_id=4074#primaryimage\",\"url\":\"https:\/\/sztolniagwarkow.pl\/wp-content\/uploads\/2025\/05\/Makowski.jpg\",\"contentUrl\":\"https:\/\/sztolniagwarkow.pl\/wp-content\/uploads\/2025\/05\/Makowski.jpg\",\"width\":768,\"height\":1024,\"caption\":\"Andrzej Makowski\"},{\"@type\":\"WebPage\",\"@id\":\"https:\/\/sztolniagwarkow.pl\/?page_id=4074#webpage\",\"url\":\"https:\/\/sztolniagwarkow.pl\/?page_id=4074\",\"name\":\"Dyrektor g\u00f3rniczy, lek. med. Andrzej Makowski - Kolekcja g\u00f3rnicza\",\"isPartOf\":{\"@id\":\"https:\/\/sztolniagwarkow.pl\/#website\"},\"primaryImageOfPage\":{\"@id\":\"https:\/\/sztolniagwarkow.pl\/?page_id=4074#primaryimage\"},\"datePublished\":\"2025-05-17T10:05:24+00:00\",\"dateModified\":\"2025-05-17T10:05:25+00:00\",\"breadcrumb\":{\"@id\":\"https:\/\/sztolniagwarkow.pl\/?page_id=4074#breadcrumb\"},\"inLanguage\":\"pl-PL\",\"potentialAction\":[{\"@type\":\"ReadAction\",\"target\":[\"https:\/\/sztolniagwarkow.pl\/?page_id=4074\"]}]},{\"@type\":\"BreadcrumbList\",\"@id\":\"https:\/\/sztolniagwarkow.pl\/?page_id=4074#breadcrumb\",\"itemListElement\":[{\"@type\":\"ListItem\",\"position\":1,\"name\":\"Home\",\"item\":\"https:\/\/sztolniagwarkow.pl\/\"},{\"@type\":\"ListItem\",\"position\":2,\"name\":\"Dyrektor g\u00f3rniczy, lek. med. Andrzej Makowski\"}]}]}<\/script>\n<!-- \/ Yoast SEO plugin. -->","yoast_head_json":{"title":"Dyrektor g\u00f3rniczy, lek. med. Andrzej Makowski - Kolekcja g\u00f3rnicza","robots":{"index":"index","follow":"follow","max-snippet":"max-snippet:-1","max-image-preview":"max-image-preview:large","max-video-preview":"max-video-preview:-1"},"canonical":"https:\/\/sztolniagwarkow.pl\/?page_id=4074","og_locale":"pl_PL","og_type":"article","og_title":"Dyrektor g\u00f3rniczy, lek. med. Andrzej Makowski - Kolekcja g\u00f3rnicza","og_url":"https:\/\/sztolniagwarkow.pl\/?page_id=4074","og_site_name":"Kolekcja g\u00f3rnicza","article_modified_time":"2025-05-17T10:05:25+00:00","og_image":[{"width":768,"height":1024,"url":"http:\/\/sztolniagwarkow.pl\/wp-content\/uploads\/2025\/05\/Makowski.jpg","type":"image\/jpeg"}],"twitter_card":"summary_large_image","schema":{"@context":"https:\/\/schema.org","@graph":[{"@type":"WebSite","@id":"https:\/\/sztolniagwarkow.pl\/#website","url":"https:\/\/sztolniagwarkow.pl\/","name":"Kolekcja g\u00f3rnicza","description":"Kolekcja pami\u0105tek g\u00f3rniczych Zbigniewa J\u00f3\u017awiakowskiego - zachowajmy pami\u0119\u0107 o g\u00f3rniczych tradycjach w Wa\u0142brzych.","potentialAction":[{"@type":"SearchAction","target":{"@type":"EntryPoint","urlTemplate":"https:\/\/sztolniagwarkow.pl\/?s={search_term_string}"},"query-input":"required name=search_term_string"}],"inLanguage":"pl-PL"},{"@type":"ImageObject","inLanguage":"pl-PL","@id":"https:\/\/sztolniagwarkow.pl\/?page_id=4074#primaryimage","url":"https:\/\/sztolniagwarkow.pl\/wp-content\/uploads\/2025\/05\/Makowski.jpg","contentUrl":"https:\/\/sztolniagwarkow.pl\/wp-content\/uploads\/2025\/05\/Makowski.jpg","width":768,"height":1024,"caption":"Andrzej Makowski"},{"@type":"WebPage","@id":"https:\/\/sztolniagwarkow.pl\/?page_id=4074#webpage","url":"https:\/\/sztolniagwarkow.pl\/?page_id=4074","name":"Dyrektor g\u00f3rniczy, lek. med. Andrzej Makowski - Kolekcja g\u00f3rnicza","isPartOf":{"@id":"https:\/\/sztolniagwarkow.pl\/#website"},"primaryImageOfPage":{"@id":"https:\/\/sztolniagwarkow.pl\/?page_id=4074#primaryimage"},"datePublished":"2025-05-17T10:05:24+00:00","dateModified":"2025-05-17T10:05:25+00:00","breadcrumb":{"@id":"https:\/\/sztolniagwarkow.pl\/?page_id=4074#breadcrumb"},"inLanguage":"pl-PL","potentialAction":[{"@type":"ReadAction","target":["https:\/\/sztolniagwarkow.pl\/?page_id=4074"]}]},{"@type":"BreadcrumbList","@id":"https:\/\/sztolniagwarkow.pl\/?page_id=4074#breadcrumb","itemListElement":[{"@type":"ListItem","position":1,"name":"Home","item":"https:\/\/sztolniagwarkow.pl\/"},{"@type":"ListItem","position":2,"name":"Dyrektor g\u00f3rniczy, lek. med. Andrzej Makowski"}]}]}},"_links":{"self":[{"href":"https:\/\/sztolniagwarkow.pl\/index.php?rest_route=\/wp\/v2\/pages\/4074","targetHints":{"allow":["GET"]}}],"collection":[{"href":"https:\/\/sztolniagwarkow.pl\/index.php?rest_route=\/wp\/v2\/pages"}],"about":[{"href":"https:\/\/sztolniagwarkow.pl\/index.php?rest_route=\/wp\/v2\/types\/page"}],"author":[{"embeddable":true,"href":"https:\/\/sztolniagwarkow.pl\/index.php?rest_route=\/wp\/v2\/users\/1"}],"replies":[{"embeddable":true,"href":"https:\/\/sztolniagwarkow.pl\/index.php?rest_route=%2Fwp%2Fv2%2Fcomments&post=4074"}],"version-history":[{"count":1,"href":"https:\/\/sztolniagwarkow.pl\/index.php?rest_route=\/wp\/v2\/pages\/4074\/revisions"}],"predecessor-version":[{"id":4099,"href":"https:\/\/sztolniagwarkow.pl\/index.php?rest_route=\/wp\/v2\/pages\/4074\/revisions\/4099"}],"wp:featuredmedia":[{"embeddable":true,"href":"https:\/\/sztolniagwarkow.pl\/index.php?rest_route=\/wp\/v2\/media\/4098"}],"wp:attachment":[{"href":"https:\/\/sztolniagwarkow.pl\/index.php?rest_route=%2Fwp%2Fv2%2Fmedia&parent=4074"}],"curies":[{"name":"wp","href":"https:\/\/api.w.org\/{rel}","templated":true}]}}